{"id":2,"date":"2023-01-30T12:57:27","date_gmt":"2023-01-30T11:57:27","guid":{"rendered":"http:\/\/sapiomood.com\/?page_id=2"},"modified":"2025-06-25T19:40:29","modified_gmt":"2025-06-25T17:40:29","slug":"page-d-exemple","status":"publish","type":"page","link":"https:\/\/sapiomood.com\/","title":{"rendered":"SAPIOMOOD"},"content":{"rendered":"\n<div class=\"wp-block-group\"><div class=\"wp-block-group__inner-container is-layout-constrained wp-block-group-is-layout-constrained\">\n<div class=\"wp-block-group\"><div class=\"wp-block-group__inner-container is-layout-constrained wp-block-group-is-layout-constrained\">\n<p><strong>SKLEP<\/strong> &#8211; sprzedaj\u0119 autorskie grafiki komputerowe w postaci plakat\u00f3w (oryginalnych wydruk\u00f3w sporz\u0105dzonych w ograniczonej liczbie egzemplarzy). <\/p>\n\n\n\n<p><strong>BLOG<\/strong> &#8211; publikuj\u0119 autorskie wpisy dla w\u0142asnej przyjemno\u015bci i w celu dostarczenia Ci rozrywki. Stworzy\u0142am dwie zak\u0142adki tematyczne: <br><strong>MOOD QUAKE<\/strong> &#8211; nastroju wstrz\u0105sy, czyli moje <strong>rozkminy<\/strong> wynikaj\u0105ce z kontemplacji \u017cycia codziennego.<br><strong>MOOD SPARK<\/strong> &#8211; suplementacja moj\u0105 fantazj\u0105, czyli <strong>tre\u015bci grubo ubrane w kurteczk\u0119 z abstrakcji<\/strong>.<\/p>\n\n\n\n<p>Je\u017celi czujesz, \u017ce moje poczucie humoru, albo spos\u00f3b wyra\u017cania my\u015bli, s\u0105 dla Ciebie nieodpowiednie, to po prostu rozsta\u0144my si\u0119 w zgodzie i szacunku, <em>ale je\u017celi jest wr\u0119cz przeciwnie &#8230;<\/em><\/p>\n\n\n\n<p>&#8230; <strong><em><strong><em>b\u0105d\u017a na bie\u017c\u0105co z <strong><em><mark style=\"background-color:#ffffff\" class=\"has-inline-color\">SAPIOMOOD<\/mark><\/em><\/strong><\/em><\/strong>.<\/em><\/strong><em> <\/em><\/p>\n\n\n<div class=\"wp-block-image\">\n<figure class=\"aligncenter size-full\"><img loading=\"lazy\" decoding=\"async\" width=\"700\" height=\"394\" src=\"http:\/\/sapiomood.com\/wp-content\/uploads\/2023\/03\/gifnastrintok.gif\" alt=\"\" class=\"wp-image-165\"\/><\/figure>\n<\/div><\/div><\/div>\n<\/div><\/div>\n","protected":false},"excerpt":{"rendered":"<p>SKLEP &#8211; sprzedaj\u0119 autorskie grafiki komputerowe w postaci plakat\u00f3w (oryginalnych wydruk\u00f3w sporz\u0105dzonych w ograniczonej liczbie egzemplarzy). BLOG &#8211; publikuj\u0119 autorskie wpisy dla w\u0142asnej przyjemno\u015bci i w celu dostarczenia Ci rozrywki. Stworzy\u0142am dwie zak\u0142adki tematyczne: MOOD QUAKE &#8211; nastroju wstrz\u0105sy, czyli moje rozkminy wynikaj\u0105ce z kontemplacji \u017cycia codziennego.MOOD SPARK &#8211; suplementacja moj\u0105 fantazj\u0105, czyli tre\u015bci grubo&#8230;<\/p>\n","protected":false},"author":1,"featured_media":0,"parent":0,"menu_order":1,"comment_status":"closed","ping_status":"open","template":"","meta":{"footnotes":""},"class_list":["post-2","page","type-page","status-publish","hentry"],"_links":{"self":[{"href":"https:\/\/sapiomood.com\/index.php\/wp-json\/wp\/v2\/pages\/2","targetHints":{"allow":["GET"]}}],"collection":[{"href":"https:\/\/sapiomood.com\/index.php\/wp-json\/wp\/v2\/pages"}],"about":[{"href":"https:\/\/sapiomood.com\/index.php\/wp-json\/wp\/v2\/types\/page"}],"author":[{"embeddable":true,"href":"https:\/\/sapiomood.com\/index.php\/wp-json\/wp\/v2\/users\/1"}],"replies":[{"embeddable":true,"href":"https:\/\/sapiomood.com\/index.php\/wp-json\/wp\/v2\/comments?post=2"}],"version-history":[{"count":44,"href":"https:\/\/sapiomood.com\/index.php\/wp-json\/wp\/v2\/pages\/2\/revisions"}],"predecessor-version":[{"id":313,"href":"https:\/\/sapiomood.com\/index.php\/wp-json\/wp\/v2\/pages\/2\/revisions\/313"}],"wp:attachment":[{"href":"https:\/\/sapiomood.com\/index.php\/wp-json\/wp\/v2\/media?parent=2"}],"curies":[{"name":"wp","href":"https:\/\/api.w.org\/{rel}","templated":true}]}}